ivisor of d and 100.
5
Let f = 47949 + -41865. Calculate the highest common divisor of 198 and f.
18
Let k(n) = -5*n - 30. Suppose -3*m - 38 = 4*y, -29 = 4*m - 2*m - y. Let d be k(m). Let w be d/(-15)*(-375)/20. What is the highest common factor of w and 75?
25
Let d(a) = -a**2 - 7*a - 3. Let t be d(-4). Let v be -10 + t - (-65 - -1). Calculate the highest common factor of 84 and v.
21
Suppose 57 = -8187*q + 8201*q - 363. Calculate the greatest common factor of q and 555.
15
Suppose -4*b = -z - 15, b - 12*z - 1 = -9*z. Suppose 32 + 3 = 5*o + 4*v, 3*o + 3*v = 24. Suppose -4 + 34 = o*p. What is the highest common divisor of p and b?
2
Let t be (-3*(-1)/(-2))/(3/(-108)). Suppose -180*l = -183*l + t. What is the highest common divisor of 126 and l?
18
Suppose -10 = -3*y - y + 2*v, -2 = -2*y + 2*v. Suppose -y*z + 229 - 217 = 0. What is the greatest common divisor of z and 13?
1
Suppose -44*t + 13*t = 26*t - 19494. What is the greatest common divisor of t and 54?
18
Suppose 2*i = 4*i + 8. Let z be i/40 - (-8964)/40. Suppose 0 = -2*r - 5 + 3, 0 = 4*o - 3*r - 59. What is the greatest common factor of z and o?
14
Let g = -23760 + 62696. What is the greatest common factor of g and 248?
248
Suppose -5*z + 2*z = i - 171, 2*i = -2*z + 110. Suppose 228 = -z*q + 2374. Calculate the highest common divisor of q and 333.
37
Let u = 339 + -336. Suppose -3 = 2*n - 1, -u*q + 5*n + 170 = 0. Calculate the highest common divisor of q and 44.
11
Let y(j) = j**3 - 25*j**2 - 8*j + 71. Let g be y(26). Let s = -422 + g. What is the greatest common divisor of 78 and s?
39
Let p be 270/5*12*(-2)/(-48). Calculate the highest common factor of 138 and p.
3
Let v be (-7)/(-1) + -5*6279/(-65). Calculate the greatest common factor of 175 and v.
35
Let c(u) = -2080*u + 3574. Let z be c(-10). What is the highest common factor of 14 and z?
14
Let p = -7531 + 7699. Calculate the greatest common divisor of p and 792.
24
Let q = -388 - -484. Let v = q + -91. Suppose -u + 4 = u. Calculate the highest common divisor of v and u.
1
Let g(k) be the second derivative of k**4/12 - 10*k**3/3 + 27*k**2/2 - 5*k - 3. Let y be g(19). What is the highest common divisor of 56 and y?
8
Let v be 65412/10 + (4/(-40))/(25/300). Calculate the highest common factor of v and 90.
30
Let h(l) = l**3 + 13*l**2 - 81*l - 888. Let m be h(-13). Calculate the highest common factor of 20460 and m.
165
Let g = -85 - -90. Suppose -g*u + 4*k = -0 - 1, 3*k - 4 = -u. Let f be -1*-5*(u - -11). What is the greatest common factor of 15 and f?
15
Let n(s) = 171*s + 2645. Let w be n(-15). What is the greatest common factor of 432 and w?
16
Let d be 86*1*8/(-80)*-5. Suppose -d - 29 = -4*z. Let b = 133 + -43. What is the highest common factor of b and z?
18
Let o(w) = -199*w - 87. Let q be o(-6). Calculate the highest common divisor of 9 and q.
9
Let m = -3205 - -3277. Let o be (1 - -3)/(2/198). Calculate the highest common factor of o and m.
36
Let w(o) = 18*o - 92. Let y = -41 + 47. Let s be w(y). What is the highest common factor of 16 and s?
16
Let x be ((-41)/(1640/704))/(3/(-15)*2). What is the highest common factor of 11264 and x?
44
Let a = -14635 + 21485. What is the highest common divisor of a and 50?
50
Suppose -121 = -4*z + 230 + 713. Calculate the greatest common factor of 2261 and z.
133
Let j be 895*((-95)/(-57) - (-2)/(-3)). Let o = -461 + j. Calculate the highest common divisor of o and 14.
14
Suppose -4*w = -3 - 5. Suppose -4*x - 298 = -w*k + 70, 0 = 2*k - 2*x - 368. Let d be k/30*3 + (-2)/5. What is the greatest common factor of 162 and d?
18
Let a be (-4)/14 + -2 + (-1138)/(-14). Let r = -88 + a. Let z be 30/r*(-120)/50. Calculate the greatest common factor of 56 and z.
8
Let g = 785 + -443. Suppose g + 2250 = 12*d. What is the greatest common factor of 144 and d?
72
Let u(t) = -t**3 + 17*t**2 + 4. Let o be u(17). Suppose 4*s = -4*n + 3*s + 180, n - o*s = 28. Let p = n + -32. Calculate the greatest common divisor of p and 6.
6
Suppose 35*w + 18*w = 35*w + 138240. What is the highest common divisor of 15 and w?
15
Let f(c) = -215*c + 663. Let l be f(3). Calculate the highest common factor of 1242 and l.
18
Let o = -136 + 164. Suppose 26*u - 33*u = -o. Calculate the greatest common divisor of 2 and u.
2
Suppose -2*g + 6*g + w - 373 = 0, -3*w + 3 = 0. Let p be (-186)/4*1216/(-456). What is the greatest common factor of g and p?
31
Let w(u) = 7*u**2 - 17*u + 46. Let g be w(4). Let x be (-3)/(-5)*17/(102/g). What is the highest common divisor of 27 and x?
9
Let v(j) = 2 + 6*j**2 - 1 - 7*j**2 + 33*j**3. Let l(m) = -m**3 - m**2 + m + 1. Let y be l(0). Let f be v(y). What is the highest common divisor of 22 and f?
11
Let r(f) = -f**2 + 227*f - 1798. Let a be r(217). Let y = 22 + 2. What is the highest common divisor of y and a?
12
Let h(b) = b**3 + 18*b**2 + 31*b - 11. Let q be h(-16). Suppose 498 = q*c + 2*v, -3*c + 5*v + 228 = -46. What is the highest common divisor of c and 14?
14
Let b be (-49)/(-14)*19100/70. Suppose 952*k - b*k = -87. Calculate the greatest common factor of 783 and k.
29
Suppose 0 = -7*f + 24554 + 1871. What is the highest common factor of f and 25?
25
Suppose 34190*w - 21216 = 34139*w. Let a be (-1)/(-2) + (-30)/(-4). What is the greatest common divisor of w and a?
8
Let r = 53265 - 53254. Suppose -5*t + 1625 = 30. Calculate the greatest common factor of t and r.
11
Let f = -31 + 9. Let y be (-28)/(-56)*f/(-1). Calculate the highest common factor of y and 99.
11
Let b be (-240)/(-72) + (-8)/(-12). Suppose -6 = k - 2*k. Let h = k + -2. Calculate the highest common factor of b and h.
4
Suppose 3*c + 371 = 8*p - 3*p, c = -5*p - 157. Suppose -2*y = -3*y + 301. Let j = c + y. Calculate the highest common divisor of 13 and j.
13
Suppose -3*o + 26 = -58. Let y be (-2898)/24 - 1/4. Let z = y + 125. What is the greatest common factor of z and o?
4
Suppose 16*y - 181 = -37. Suppose 0 = -3*v - 5*f + 190 + 303, 2*f + 350 = 2*v. Calculate the highest common divisor of v and y.
9
Suppose 31*t - 22382 = -71*t + 6790. Calculate the highest common divisor of 2717 and t.
143
Let f(d) = 18*d**2 + 5*d - 5. Let o be f(-5). Suppose -3*i + 210 = 2*l, 0*i - 4*i = -4*l + o. Let q = 57 + -42. Calculate the highest common divisor of l and q.
15
Let o(n) = 43*n + 3. Let z be o(-7). Let h = -200 - z. Calculate the greatest common divisor of 49 and h.
49
Let b(t) = -5*t + 10*t - 33 - 3*t - 4*t. Let s be b(-19). Suppose -4*r = y - 38, y - s = -2*r + 13. Calculate the greatest common factor of r and 25.
5
Suppose -66*x - 37913 = -291287. Calculate the greatest common divisor of 11 and x.
11
Suppose 40*k = 462 + 2698. Suppose 295 = 18*s + k. Let m(i) = -2*i - 5. Let f be m(-4). What is the greatest common factor of s and f?
3
Let p = 432 - 417. Suppose -4*d - l = -37 - 87, 2*d + 2*l = 68. Calculate the highest common divisor of p and d.
15
Suppose 2*o = -4*s + 3*o + 684, 5*s + 2*o - 855 = 0. Suppose -2*h = -s - 109. What is the greatest common divisor of 56 and h?
28
Suppose 3*b + 29 = 2. Let m(r) = r**3 + 10*r**2 - 7*r - 20. Let j be m(b). What is the greatest common divisor of 4 and j?
4
Suppose 512*u - 448*u = 576. Calculate the greatest common divisor of 9441 and u.
9
Suppose 0 = 2*q - 5*a + 29, 3*a = q - a + 22. Let t be q*(0 - (-105)/(-10)). Let b = 22 + 13. What is the highest common factor of t and b?
7
Suppose -5*o - 2*w = -22, 3 = -2*w - 5. Let t be 3516/22 + o*2/66. What is the highest common divisor of t and 10?
10
Let i(h) = h**2 - 2*h + 3. Suppose -157 = 2*z - 527. Let j be (-3)/(-8) - z/(-40). Let v be i(j). Calculate the greatest common divisor of 144 and v.
18
Let a be 2/10 - 129582/(-90). What is the greatest common divisor of a and 352?
32
Suppose 0 = 107*w - 101*w + 618. Let l = 193 + w. Suppose -2*u - 10 = -3*u. Calculate the greatest common divisor of u and l.
10
Suppose -2151*b + 2139*b + 2448 = 0. Calculate the highest common divisor of b and 4828.
68
Suppose -h - 5*t - 17 = -t, 0 = -h + t + 8. Let p be (-2)/h - (-2016)/108. What is the highest common factor of p and 486?
18
Suppose 7*m - 1164 = -3*f, 60*f - 56*f = -5*m + 837. Calculate the highest common factor of 750 and m.
15
Let n = -4877 - -4940. What is the greatest common divisor of 6594 and n?
21
Let w(t) = -8*t - 47. Let d be w(-5). Let